k**2 - 6*k + 9. Calculate u(p).
0
Let k(d) = -d**3 + 6*d**2 - 5*d. Let z be k(5). Suppose 3*p + t = -z*p + 76, -54 = -2*p - 4*t. Let o = 24 - p. Let h(n) = n**2 + n. Give h(o).
0
Let a = -5 + 2. Let t(w) be the first derivative of 1/4*w**4 + 0*w - 2 - 2*w**2 + 1/3*w**3. Determine t(a).
-6
Let r(t) = 13*t**2 - 8*t + 4. Let b(d) = -2*d**2 - 1. Let q(k) = -6*b(k) - r(k). Suppose v = 8*v - 42. What is q(v)?
14
Suppose 6*c - 5*c = 14. Let n(v) = 1 - 8*v + 18*v - c*v. Let i(t) = -t**3 + 10*t**2 - 10*t + 10. Let x be i(9). Give n(x).
-3
Suppose z = -8 + 11. Suppose 6*w + z = -3. Let i(q) = -2*q. What is i(w)?
2
Let f be (-8)/((6/(-2))/24). Let x be 1/(-8) - 1976/f. Let q = x + 30. Let z(w) = 8*w**2. Give z(q).
8
Let n(j) = -5*j + 2. Let c(h) = 2*h + 24. Let p be 26*((-15)/(-6) - 3). Let t be c(p). Determine n(t).
12
Let i be 8/12*(-2 + 5) + -3. Let u be 1 + (i + 2)*3. Let o(n) = -n**2 + 4*n. Determine o(u).
0
Suppose -45 = -5*y - 2*j, 4*j = -3*y + 3*j + 26. Let s(c) = -10*c - 1 + 7 + y*c. Calculate s(5).
-9
Suppose -9*j + 12 = -5*j. Let u be ((-8)/8)/((-1)/j). Let o(s) = -6*s + 1. Determine o(u).
-17
Let m(x) = -x**3 - 18*x**2 + x + 11. Let h = 676 - 694. Give m(h).
-7
Let h = -1 - -4. Let a(j) = -2*j - j**h + 5 - j**2 + 3*j - 2*j - 7. Calculate a(0).
-2
Let z = 45 + -42. Let j(k) = k**2 - 2*k**z + k + 2*k**2 + 2 + 2*k**2 + 3*k**3. Determine j(-4).
14
Let x = -50 + 77. Let b = -24 + x. Let h(u) = -u**3 + 3*u**2 - u - 1. Let f(v) = v + 1. Let r(a) = 4*f(a) + h(a). Determine r(b).
12
Let c(l) be the first derivative of -l**2 + 27*l - 366. Calculate c(9).
9
Let r(l) = l**2 + 1. Let k be ((-50)/8)/((-18)/(-72)). Let d be 2/7 + k/(-35). Let q = d - 5. Determine r(q).
17
Let a(w) = 6*w**2 + w - 1. Let g = -98 - -104. Let f be 2/(-5) - 3/5. Let b be (f - 0) + g + -4. Give a(b).
6
Let g(l) = -l + 2. Let h = -149 - -98. Let f = h - -57. What is g(f)?
-4
Let x be 9/6*(-16)/(-6). Let r(h) be the first derivative of -3/2*h**2 - 8 - 5*h. Calculate r(x).
-17
Let k(u) = -u - 1. Suppose 0 = -17*o - 5*o - 198. Give k(o).
8
Let v(u) = 3*u**3 - u - 1. Let l(s) = s**3 + 3*s**2 - 9*s + 7. Let k be l(-5). Let x be k + -6*1/2. Determine v(x).
-3
Let m(b) = 4*b**2 + 46*b + 119. Let y be m(-5). Let u(v) = v**2 + 12*v + 15. Give u(y).
4
Let u(f) = -55*f - 2 + 16*f + 18*f + 22*f. Let x = 4 - 4. Suppose -d - d + 6 = x. Calculate u(d).
1
Let m(b) = -b**2 - 6*b - 1. Let y be m(-4). Let l be 26/y + 10/35. Let c(n) = 0*n**2 - 3*n**2 + 2*n**2 - 4 + 4*n. Give c(l).
-4
Let w(u) = u**3 - 5*u**2 - 6*u - 8. Let b(y) = y**2 + 19*y + 6. Let c(j) = j**3 + 10*j**2 + 20*j + 13. Let n be c(-8). Let s be b(n). Calculate w(s).
-8
Let t(k) be the second derivative of 7*k**3/6 - 24*k**2 - 3*k - 3. Calculate t(6).
-6
Suppose 2*i - 3*i - 3*m - 12 = 0, 3*m = -4*i - 30. Let s be i*(-4)/(-16)*4. Let u(a) = a**3 + 5*a**2 - 5*a + 7. What is u(s)?
1
Suppose -109*j - 8 = -105*j. Let n(x) = x**3 + 4*x**2 - 2. Calculate n(j).
6
Let i = -92/9 + 98/9. Let s(d) be the second derivative of -i*d**3 - d + 0 + 5/2*d**2 - 1/6*d**4. Determine s(-4).
-11
Let v(a) be the second derivative of 3*a**2 + 0 + 18*a - 1/6*a**3. What is v(-7)?
13
Let w(o) = 5*o + 1. Let u(q) = -q**3 + 4*q**2 - 4*q - 2. Let z be 1 - 2*(-4)/2. Suppose 5*i - 7 - 8 = -z*y, -4*y + 6 = -2*i. Let h be u(y). What is w(h)?
-9
Suppose -19 = -4*z - 7. Suppose 0 = -2*o - o - z. Let x(f) = -f + 14*f**2 + f - 15*f**2 + 0*f. Determine x(o).
-1
Let a(w) = 15 + 2*w - 18 - w. Let h be 17/3 - 7/(-21). Give a(h).
3
Let c(p) be the third derivative of -p**5/60 - p**4/6 - 5*p**3/6 - 7*p**2. Let g be c(-4). Let b(j) = -j**2 - 3*j - 5. Give b(g).
-15
Let l(j) be the third derivative of -1/8*j**4 + 0 - 1/6*j**3 - 21*j**2 + 0*j. Calculate l(5).
-16
Suppose 19 = -4*b + 27. Let o(g) = 3*g**2 - 3*g + 2. Calculate o(b).
8
Let u(y) be the third derivative of 13*y**5/60 + y**4/8 - 103*y**2. Determine u(-2).
46
Let m = 41 - 44. Let f be 1 + (-1 - (-4 - -2)). Let l(r) = -f + 3 + 0 - 3*r + r. Determine l(m).
7
Let s(l) = l - 2. Suppose 2*r + 114 = 4*r. Suppose -3*a + 6*a - r = 0. Let i = 21 - a. What is s(i)?
0
Suppose -4*d = -168 + 20. Let z = 44 - d. Let v(y) = -y**3 + 8*y**2 - 8*y - 2. What is v(z)?
-9
Let x(s) = 28*s**2 + 36*s + 4. Let k(h) = -13*h**2 - 17*h - 2. Let j(g) = 13*k(g) + 6*x(g). Calculate j(-4).
2
Let f(n) = 114*n**3 + 5*n**2 - 3*n**2 - 2 - 206*n**3 + 91*n**3. Calculate f(2).
-2
Suppose 3*x - 30 - 78 = 0. Suppose -13*u = -4*u + x. Let a(g) = -g + 2. Let y(m) = m - 1. Let l(n) = 3*a(n) + 5*y(n). What is l(u)?
-7
Let i(a) be the first derivative of -a**3/3 + a**2/2 - 7*a - 157. What is i(3)?
-13
Let w(r) = -r**3 - 14*r**2 - r - 12. Let q be w(-14). Suppose 2*b - 3*g = 6*b - 27, -b - 7 = -q*g. Let m(y) = -1 + 1 - 2*y. Calculate m(b).
-6
Let l = -2650 - -2633. Let x(g) = -g**3 - 17*g**2 - g - 9. Determine x(l).
8
Suppose 3*g + l + 15 = 0, 3*g + 15 = 4*l - 3*l. Let u(r) = -9*r + 10. Calculate u(g).
55
Let f(s) be the second derivative of -s**3/6 - s. Let d be -1*(8/4 + -7). Determine f(d).
-5
Let s(l) = 1. Suppose 4*q + 6*m + 4 = 2*m, 4*m = 0. Let o(k) = 0 - 5*k + 1 + 0. Let t(a) = q*o(a) + 4*s(a). Determine t(-3).
-12
Let z(v) = 9*v + 1. Let p be z(1). Let j be (-40)/4*(-6)/p. Let d(x) = -x**2 - 1 + 1 + 6*x - 1. Give d(j).
-1
Suppose -5*y - n = -7, -2*y + 12*n - 9*n = -13. Let c(u) = 4*u + 1 - 3*u**y + 3*u**3 + u**3 + u**3 - 6*u**3. Calculate c(-3).
-11
Let l(t) = t**2 + 2*t - 1. Suppose c = n + 2, 11*c - n + 8 = 15*c. Give l(c).
7
Let z(q) = q + q**2 + 16 + 0*q + 14 - 25. What is z(0)?
5
Let h(f) = 3 - 2 - 6 + 2*f + 6. Give h(1).
3
Let k(r) = -r**3 + r**2 + r + 11. Let s(g) = -5*g**3 - 4*g**2 - 3*g + 18. Let o(b) = -2*k(b) + s(b). Determine o(-2).
6
Let r(w) be the third derivative of w**6/120 + 3*w**5/20 + 3*w**3/2 + 22*w**2. Let m be (4 - 17/1) + 4. Give r(m).
9
Let v = -4 + 6. Suppose 0 = -3*i + v*i. Let n(h) be the first derivative of h**4/4 + 8*h + 2. Calculate n(i).
8
Let d(s) = -s**2 + 3*s + 3. Let x be d(3). Let b(k) = 7*k**3 - 8*k**2 + 8*k. Let v(j) = -3*j**3 + 4*j**2 - 4*j. Let g(n) = 2*b(n) + 5*v(n). What is g(x)?
-3
Suppose 0 = -20*h + 18*h + 14. Let m = 10 - h. Let q be m/6*-3*4. Let w(p) = p**3 + 6*p**2 + 4. Give w(q).
4
Let o(d) be the second derivative of d**3/3 - d**2/2 + 2*d. Let m(u) = 2*u + 4. Let w be m(-2). Let r = -3 + w. Determine o(r).
-7
Let k(j) be the second derivative of 2*j**3/3 + 3*j**2/2 + 1162*j. Let b = -2 + -1. Give k(b).
-9
Let t(m) = -22*m - 72. Let n(s) = -150*s - 495. Let j(q) = -8*n(q) + 55*t(q). Let w = 1 + -3. What is j(w)?
20
Let f(u) = 10*u**2 - 20*u. Let a(b) = -12*b**2 + 25*b - 1. Let z(w) = -3*a(w) - 4*f(w). Determine z(-3).
-48
Let v be 1/(-5) + (-6)/(-5). Suppose 3*i - 11 = 5*t, 5*t = i + 2*t - v. Let q(d) = 2 - 25 + 0*d + 2*d + 8 + 7. Calculate q(i).
6
Suppose 238 = 7*a - 0*a. Let n = a - 38. Let z(r) = -r**3 - 2*r**2 + 6*r + 3. What is z(n)?
11
Let r(g) be the second derivative of 4/3*g**3 + 1/20*g**5 + 0 + 50*g - 5/2*g**2 - 7/12*g**4. Determine r(6).
7
Suppose 7*l - 6 = 8. Let j(o) = -4*o + 3 - 58*o**2 + o + 61*o**l. Suppose -2*k = 2*r - 4, -k = -2*r + r - 2. Calculate j(k).
9
Let g(v) = 32*v**2 + v. Suppose -5*q - 5*m + 5 = 0, -8 + 4 = -4*q - 5*m. What is g(q)?
33
Suppose 0 = -3*y - 177*b + 178*b + 32, 4*y - 4*b - 56 = 0. Let i(p) = 3*p - 22. Calculate i(y).
5
Let u(k) = -3*k**2 - 4. Let b = -324 - -320. What is u(b)?
-52
Let q(t) = 6*t + 29. Suppose -2*l - 2*l + 5*u - 39 = 0, 5*l = 3*u - 39. Calculate q(l).
-7
Let s(x) = -3*x + 2. Let p be 2/4 - (-6)/4. Let m be s(p). Let g(z) = 21*z - 36. Let k(a) = -100*a + 171. Let i(o) = -19*g(o) - 4*k(o). What is i(m)?
-4
Suppose -2*s + 51 = -5*s. Let p = s - -17. Let m(q) = -q**3 - 9. Give m(p).
-9
Let r(z) be the third derivative of -z**6/120 - z**5/20 - z**4/12 + z**3/6 - 86*z**2. What is r(-4)?
25
Let r(d) = -d**2 + 2*d. Let c(f) = f - 1. Let i be c(3). Let a be r(i). Suppose 5*u - 4 - 11 = a. Let h(g) = -2*g**2 + 4. Calculate h(u).
-14
Let x be (1 - 0)/(9/45). Suppose 2*v + 2 = -0, -25 = 5*i + x*v. Let k(n) = -n**2 - 4*n + 5. Determine k(i).
5
Let b(y) = 6*y + 4. Let c = 255 + -257. What is b(c)?
-8
Let j(u) = -u + 3. Let r = -13 - -14. Suppose 0 = 2*l - r - 5. Give j(l).
0
Suppose 3*c - 30 = -6. Let q(i) be the third derivative of i**4/24 + i**3/6 + 492*i**2. De